- 0 - 1))?
61
What is the value of -6 - -119 - (-2103 - -2207)?
9
Evaluate 189 + -130 + 30 - 83.
6
What is -23 + (23 - (-49 - -31))?
18
-140 - (-44 + 45 - 69)
-72
Calculate 8 - (-14 + 6 + -61) - 24.
53
Calculate -27 - 0 - (37 - (52 + -2 + -10)).
-24
11 - (385 - 390 - (-2 - 6))
8
(-7 - (-83 + 43)) + -10
23
(41 - -21) + (4 - (-26 + 16))
76
Evaluate 8 + -48 + 83 + -2.
41
What is (15 - (18 + -23 + 29)) + (5 - 0)?
-4
Calculate 1 + (26 - 49 - 14).
-36
What is the value of -28 + (0 - 43 - -61) + 2 + 8?
0
What is the value of 80 + (6 - 5) + 129 + -150?
60
Calculate 10 + 2 - 0 - (-32 + (108 - 28)).
-36
What is (-56 - (56 + -159)) + 32?
79
What is the value of -62 - (-45 - (-74 + 79))?
-12
Calculate 72 - (-47 + 56) - 81.
-18
What is the value of 0 + -17 + (-154 - -180) - -22?
31
Evaluate 38 - 1 - (2985 - 2979).
31
What is 83 + -41 + (9 - 27)?
24
Calculate -51 + -7 - (-16 + -14 + 22).
-50
What is the value of (0 - -4) + (-684 + 720 - (-3 - 0))?
43
What is -6 - (((-10 - (-3 + -3)) + -4 - -78) + 6)?
-82
Evaluate 18 + 24 + 1 + (-2 - (-3 - (7 + 0))).
51
22 - (28 - -30) - 5 - -2
-39
What is the value of (-111 - 10) + -112 + 157?
-76
9 + (-65 - -127) + -9
62
What is the value of -34 + -5 + (17 - (20 + -23))?
-19
Calculate 96 + (-32 - (-20 - 29)).
113
Calculate -50 + (129 - (19 - -27)).
33
-6 - (4 + -8 + -2 - -12)
-12
What is the value of 10 + (33 - (30 + -8)) - 79?
-58
Calculate -24 - (22 - 6 - 9 - 24).
-7
What is 130 + 3 + 10 + -135?
8
Evaluate 21 + -64 + -37 + 22.
-58
Evaluate -6 - (17 + -2 - ((16 + -123 - -27) + 5)).
-96
What is -5 + (17 - 8) + (49 - (10 - -1))?
42
What is 1 - 3 - (-24 - (-22 - -34) - 22)?
56
Evaluate (-40 - (118 + -137)) + -78 + -1 + -2.
-102
Evaluate -43 + 28 + -31 + -8 + 23.
-31
What is 1 - (-4 - 16 - -15) - (2 + 5) - 102?
-103
What is the value of -79 + (16 - 16) + -22 + 35?
-66
(-1 - 1) + 3 + 191 + -188
4
What is the value of -15 - -47 - ((-1 - 9) + -58 + 57)?
43
Evaluate (0 - 43) + 11 + (11 - -2) + (5 - 18).
-32
Evaluate -52 - (50 + -65 + 1).
-38
What is the value of 67 + (-3 - 44) + -28 - (1 + 75 + 1)?
-85
Calculate -24 + (-4 - (-4 - -18)) + 11.
-31
Calculate 4 + -39 - (83 - 37 - 63).
-18
What is the value of (67 - -123) + -76 + -4 + -9?
101
-83 - -39 - (-71 - -26)
1
Calculate 6 + 11 + 3 - (375 + -365).
10
Calculate 23 + (-47 - 6) + 114.
84
4 + (9 - (-23 - (-1 + -14)))
21
What is (-3 - (-3 + 11)) + (73 - 44)?
18
What is the value of 57 + -75 + (-6 + 10 + -2 - -3)?
-13
91 + (-19 + 36 - 12) + 16 - 19
93
Evaluate 29 + -5 + 1263 + -1312.
-25
20 - ((-6 - 13 - -11) + 21 - 1)
8
Calculate (-1 - 18) + -16 + (-2 - 1) + -1.
-39
What is 1843 - 1888 - (1 + -32)?
-14
What is the value of 49 - 65 - 98 - -140?
26
Calculate 94 + -34 + 2 + 38 + -45.
55
What is 30 - (5 + (3 - 12 - (-15 - -3)) - 14)?
36
Calculate -28 - (-12 - (-16 - -108) - -36).
40
What is the value of -68 + -7 + (15 + -29 - -20)?
-69
Calculate -407 + 426 + -1 + -42 - (3 + (3 - -3)).
-33
Calculate (2 - 12) + 0 - (-542 - -593 - (25 - 0)).
-36
What is the value of (-19 - 2 - -3 - (-26 + 8 + 5)) + -85?
-90
What is the value of (-10 - 3) + 16 + 5 + -8 - -29?
29
What is the value of -30 - (-82 - (4 + -34) - -36)?
-14
What is 45 + -50 - (-1 - -7) - (1 + 26)?
-38
Evaluate 93 + -37 + 3 + (-6 - -23) + 8.
84
Evaluate (-1 - (0 - 11 - (-7 + -9) - -1)) + 78.
71
12 + 39 + 20 + -30 + -9
32
Calculate 1 + -59 - (-6 + (34 - 44)).
-42
-15 + -7 + (-20 - -18) + -3
-27
Evaluate (-1 - -14 - 6) + (-2 - 4) - (75 + -188).
114
What is the value of 48 + 16 + (-21 - (5 + -34))?
72
What is the value of 1 + -6 - (-80 + 30 + -17)?
62
Evaluate 3 - 73 - -51 - (0 - -15).
-34
Evaluate (0 - -55) + (14 + -5 - -1 - 10 - 9).
46
What is the value of -40 + 35 + -3 + (-9 - -4) + -4 + -85?
-102
Calculate -12 + (6 + -61 + 36 - 4).
-35
What is -12 - (-10 - (2 + 6 + -13)) - 4?
-11
What is 41 + (-74 - -43) + -3 + -32 + -1 + 10?
-16
Calculate 5 + -19 - (112 - (-2 + (-6 - -4) + -10)).
-140
-10 + 8 + -16 + (1 + -7 - -1) + -4
-27
Evaluate 31 + 3 - (-1 + (-43 - -20) + (25 - 2)).
35
What is -12 - (1 + -14 + (-8 - (-8 + 3 - 91)))?
-87
Calculate -2 - (0 + -39) - -4 - (187 - 178).
32
What is -20 - (21 + 29 + -6 + -43 + 13)?
-34
Calculate (-55 - 18) + (-50 - -52) - (-8 + -1).
-62
2738 - 2666 - (1 + 29)
42
What is 1690 + -1668 - (-22 + -1)?
45
(-5 - (-5 - (-10 + (18 - -14)))) + -16
6
Evaluate -1 + 1 - 97 - ((-9 - -1) + (419 - 409)).
-99
Calculate -9 - (9 - 13) - (19 + -40) - 7.
9
Evaluate -84 + (74 - (86 + -121)).
25
Evaluate (-55 + 154 + -63 - 22) + 0 + -2 + -148.
-136
What is 11 + 17 + (23 + -8 - 14)?
29
(-53 - 3) + (-79 + 63 - -24)
-48
Calculate 8 - ((1 - 9) + (10 + (8 - 27) - -14)).
11
Calculate 17 + -44 + -63 + 10 + 91.
11
Evaluate (37 + -105 - -155) + 8.
95
Evaluate (-4 - -17) + 16 + -24 - (-15 - -72).
-52
What is the value of -12 + (4 - (-6 - 1)) + (9 - 23)?
-15
What is 22 + 7 + (56 - 83)?
2
What is 106 + (25 - (-4 + 12 + 8))?
115
What is -9 - 3 - (-26 - ((32 - 11) + -12))?
23
5 + (-15 - -58) + -20 - 120
-92
What is the value of -15 + (54 - -4) + -9?
34
What is 16 - 9 - ((4 + -3 - 7) + (7 - 19))?
25
Calculate -119 + 0 - (2575 + -2678).
-16
What is the value of 10 - ((931 - 930) + (5 - -1) - (-9 + 1))?
-5
What is the value of 113 - 80 - (-6 - (-13 - 2) - 4 - 10)?
38
Evaluate (198 - 168 - (0 + 18)) + -7 - 77.
-72
What is the value of -13 + 2 + 7 + -7?
-11
Calculate (-1 - (-2 + 4 + 5)) + 4 + 11 + 14.
21
What is the value of -4 - -2 - (-16 - -25 - -1) - -7 - 79?
-84
What is the value of -12 - ((-49 + 28 + 5 - -20) + (-9 - -1))?
-8
-4 + (9 - 2) + -2 - (17 + 18 + -52)
18
-12 - (11 - -68 - 53)
-38
Calculate -138 + (-63 - -186) + -30 + 1 - (-1 + 10).
-53
Calculate -12 - (8 - ((1 - 29) + 618 + -597)).
-27
Calculate 3 + -4 + 74 + -81.
-8
Evaluate 1 + 12 - (2 - (10 + (-13 - 3))).
5
Calculate -33 - (-18 + (-44 - -17 - -27)).
-15
Evaluate -7 + 31 + 15 + (-135 - 8).
-104
What is (-11 - 4) + (14 + -11 - -52)?
40
Evaluate (6 - 2) + -27 + 52 + -18 - 18.
-7
What is (-52 - -22) + 32 + 0 - (1 + -94)?
95
What is the value of 76 - 76 - 107 - -205?
98
(271 - 575 - -312) + (-1 - (-2 - -1))
8
What is the value of (6657 - 6654) + 2 + (60 - (-2 + 2))?
65
(13 - (-5 - -10)) + (83 - 40) - -9
60
Evaluate (-70 + 38 - 19) + 6.
-45
Calculate -34 - (25 + -39) - (-5 - -8).
-23
Evaluate -1667 + 1545 - (-44 - 1).
-77
What is the value of 80 - (2 + 141 - 37)?
-26
-790 + 796 + (18 - -3) + -1
26
What is the value of (-4 - -2) + 68 - (3459 + -3427)?
34
What is the value of 26 - (-6 - (-7 - -12)) - (9 - -1)?
27
What is -17 + (503 + -516 - (-17 - -1))?
-14
-9 + (18 - (-14 + (-13 - -38))) + 21
19
What is -17 + (-17 + (-3 - -18) - -6) - 80?
-93
Calculate -62 + 160 - 123 - -19.
-6
75 - ((15 - 17) + 1 + 21)
55
Calculate 55 - (39 + -86 - -52).
50
Evaluate (91 - 47) + 3 - -109 - 10.
146
What is the value of -80 + (4 - (29 + -10 + 17))?
-112
Evaluate (40 - (1 + -8)) + 27 + -4 + -1.
69
What is the value of -38 + (-11 - (-73 - -36)) + 3 + 103?
94
What is the value of (-1450 - -1434) + (-2 - 12 - -2) + (2 - 1)?
-27
(-4 - -12) + 10 + -85 + -25
-92
What is the value of (-48 - -55 - (8 - 1)) + -49?
-49
Calculate -85 + 19 + 4 + (11 + 2 - 3 - 10).
-62
Evaluate (30 - ((12 - -81) + 38)) + 24.
-77
-1 - 11 - (-101 + 101 + 6 + 25)
-43
What is 0 + 59 + (531 - 550)?
40
What is the value of -44 - ((-167 - -50) + 54) - (-2 - 57)?
78
Calculate -225 + 75 + -56 - -131.
-75
(127 - -2) + 0 + (-48 - (5 - (21 + 41)))
138
7 + (-1 + -5 - 3) + (6 - 18)
-14
What is -5 + (-16 - 17) + 15?
-23
What is -2 - 39 - (3 + (-6 - 0))?
-38
What is 355 + -372 - (-1 - 28) - (-13 - -92)?
-67
What is (-60 - -202) + -34 + 28?
136
Calculate 17 + 9 + -5 + (-19 - -8) + 8.
18
What is 38 - (-10 + 1 - (79 - 49 - 37))?
40
What is -82 + 99 - (45 - (-2 + 0))?
-30
Calculate 41 + (-3 - 1) - (-7597 + 7561).
73
What is (30 - 21) + 33 + 12 + -2?
52
What is the value of -7 + 38 + -46 + (7 - 4) + 25?
13
Calculate 19 - (33 + -28) - (-2 + 9) - 68.
-61
What is (38 + 146 - 207) + (-3 - (-61 + 3))?
32
Evaluate (-2 - (-1 - 3)) + (7 - (46 - 43)) - -40.
46
What is the value of 29 - (7 - (-6 - 54)) - -30?
-8
What is the value of (-22 - (-47 + -4) - 3) + 31?
57
Evaluate 40 + -105 + 101 + -41.
-5
Calculate 9 + (-16 - (-62 + 94)).
-39
What is 4 + -1 - ((11 - (6 + 3 + -6)) + -4)?
-1
Evaluate (-45 - -23) + (1 + 7 - 6).
-20
Evaluate 62 - 1 - ((-17 - 54) + 